47777796.
2, 3137, 11777
List the prime factors of 51226167.
3, 31, 37, 14887
List the prime factors of 114012705.
3, 5, 601, 12647
List the prime factors of 4851267536.
2, 61, 89, 55849
What are the prime factors of 116350150?
2, 5, 7, 401, 829
What are the prime factors of 3897972664?
2, 19, 41, 625477
What are the prime factors of 94476539?
419, 463, 487
List the prime factors of 25871168.
2, 149, 2713
What are the prime factors of 107021725?
5, 163, 26263
What are the prime factors of 2406426906?
2, 3, 13, 4441, 6947
List the prime factors of 449914986.
2, 3, 53, 17467
List the prime factors of 3897971499.
3, 113, 449, 25609
List the prime factors of 2348925875.
5, 41, 458327
What are the prime factors of 4989779910?
2, 3, 5, 47, 97, 12161
What are the prime factors of 214855715?
5, 42971143
What are the prime factors of 1475927141?
13, 43, 2640299
List the prime factors of 3265743310.
2, 5, 421, 775711
List the prime factors of 609822031.
7, 13, 6701341
List the prime factors of 65857361.
31, 2124431
List the prime factors of 3036340434.
2, 3, 506056739
List the prime factors of 22890708.
2, 3, 181, 1171
What are the prime factors of 188286442?
2, 89, 379, 2791
What are the prime factors of 135297421?
7, 877, 22039
What are the prime factors of 51167965?
5, 167, 233, 263
List the prime factors of 6469782.
2, 3, 11, 61, 1607
What are the prime factors of 39169264?
2, 2448079
What are the prime factors of 68850733?
7, 200731
What are the prime factors of 1535665258?
2, 367, 2092187
List the prime factors of 805304092.
2, 6073, 33151
List the prime factors of 3286998.
2, 3, 11, 13, 1277
List the prime factors of 242761.
31, 41, 191
List the prime factors of 381656539.
11, 34696049
List the prime factors of 316884963.
3, 193, 227, 2411
List the prime factors of 3238083965.
5, 3299, 196307
List the prime factors of 4459561.
4459561
What are the prime factors of 273656398?
2, 136828199
List the prime factors of 117927115.
5, 1571, 15013
What are the prime factors of 1689845573?
13, 29, 4482349
What are the prime factors of 6340387703?
13, 1619, 23173
What are the prime factors of 597515010?
2, 3, 5, 19917167
List the prime factors of 220476532.
2, 19, 223, 13009
What are the prime factors of 93373492?
2, 53, 440441
What are the prime factors of 226246547?
19, 139, 85667
List the prime factors of 2821664731.
41, 68821091
What are the prime factors of 868645735?
5, 691, 251417
List the prime factors of 4814298388.
2, 31, 4129, 9403
What are the prime factors of 6133662394?
2, 8017, 382541
List the prime factors of 3192230941.
29, 191, 576319
What are the prime factors of 141036838?
2, 70518419
List the prime factors of 47884712.
2, 19, 23, 13697
What are the prime factors of 209164872?
2, 3, 7, 17, 73237
List the prime factors of 1567229502.
2, 3, 261204917
List the prime factors of 56840207.
56840207
What are the prime factors of 5160675656?
2, 2927, 220391
List the prime factors of 321954817.
321954817
What are the prime factors of 1398528456?
2, 3, 13, 61, 73483
What are the prime factors of 1378800001?
97, 673, 21121
What are the prime factors of 60145812?
2, 3, 1670717
List the prime factors of 4912674585.
3, 5, 7, 13, 514147
List the prime factors of 182138104.
2, 19, 23, 53, 983
What are the prime factors of 108056151?
3, 7, 1715177
List the prime factors of 418023.
3, 46447
List the prime factors of 9848868.
2, 3, 73, 11243
What are the prime factors of 213989655?
3, 5, 11, 1296907
List the prime factors of 281234633.
607, 463319
List the prime factors of 187997589.
3, 13, 1606817
What are the prime factors of 29890579?
421, 70999
What are the prime factors of 169610173?
17, 9977069
List the prime factors of 2926152150.
2, 3, 5, 43, 453667
List the prime factors of 56086384.
2, 103, 34033
List the prime factors of 259527821.
7, 19, 1033, 1889
What are the prime factors of 196460687?
17, 23, 61, 8237
List the prime factors of 2955295483.
7, 422185069
List the prime factors of 107765192.
2, 103, 130783
What are the prime factors of 312967358?
2, 11, 14225789
List the prime factors of 382014535.
5, 7, 29, 7681
What are the prime factors of 2933875758?
2, 3, 11, 2017, 22039
List the prime factors of 990470285.
5, 7, 19, 277, 283
List the prime factors of 152436169.
101, 1509269
What are the prime factors of 153342061?
10141, 15121
List the prime factors of 3076446930.
2, 3, 5, 102548231
What are the prime factors of 906940413?
3, 100771157
What are the prime factors of 360333355?
5, 59, 1221469
List the prime factors of 140177462.
2, 167, 419693
List the prime factors of 202998929.
7, 28999847
What are the prime factors of 49795746?
2, 3, 7, 11, 13, 8291
What are the prime factors of 16003575?
3, 5, 7, 1129
List the prime factors of 6252414.
2, 3, 7, 148867
What are the prime factors of 2642519398?
2, 1321259699
What are the prime factors of 76357557?
3, 17, 31, 947
What are the prime factors of 651722646?
2, 3, 108620441
What are the prime factors of 1010767477?
47, 991, 21701
List the prime factors of 2562848095.
5, 512569619
List the prime factors of 3240939680.
2, 5, 11, 1841443
List the prime factors of 412267296.
2, 3, 7, 613493
What are the prime factors of 15673524?
2, 3, 17, 76831
List the prime factors of 84179559.
3, 28059853
List the prime factors of 4279776559.
83, 51563573
What are the prime factors of 128368115?
5, 43, 503, 1187
List the prime factors of 88677627.
3, 17, 23, 4447
What are the prime factors of 2223018112?
2, 7, 2481047
List the prime factors of 47266282.
2, 7, 482309
What are the prime factors of 55287695?
5, 11057539
What are the prime factors of 308816389?
7, 29, 31, 1583
What are the prime factors of 2551935474?
2, 3, 11, 12888563
List the prime factors of 196672457.
3911, 50287
List the prime factors of 164989701.
3, 18332189
What are the prime factors of 91214202?
2, 3, 67, 226901
What are the prime factors of 120228560?
2, 5, 61, 71, 347
What are the prime factors of 91863052?
2, 22965763
List the prime factors of 1274275922.
2, 637137961
List the prime factors of 2285624542.
2, 10597, 107843
List the prime factors of 86987599.
4999, 17401
What are the prime factors of 5478317764?
2, 109, 661, 19009
What are the prime factors of 3837979654?
2, 29, 66172063
What are the prime factors of 120747357?
3, 71, 233, 811
What are the prime factors of 221634225?
3, 5, 12161
What are the prime factors of 94916430?
2, 3, 5, 7, 21523
List the prime factors of 29556089.
131, 225619
List the prime factors of 57728086.
2, 13, 2220311
List the prime factors of 47434594.
2, 23717297
What are the prime factors of 506577871?
1087, 466033
List the prime factors of 92027510.
2, 5, 37, 248723
What are the prime factors of 1047181008?
2, 3, 21816271
What are the prime factors of 35139502?
2, 17569751
List the prime factors of 1182012886.
2, 591006443
What are the prime factors of 146929963?
17, 8642939
List the prime factors of 3207660312.
2, 3, 1307, 102259
List the prime factors of 368034227.
11, 37, 904261
List the prime factors of 67706972.
2, 16926743
List the prime factors of 555168496.
2, 34698031
What are the prime factors of 73262474?
2, 283, 129439
What are the prime factors of 156185638?
2, 7, 1171, 1361
What are the prime factors of 1009226120?
2, 5, 7, 1787, 2017
What are the prime factors of 55363411?
55363411
List the prime factors of 115630762.
2, 13, 787, 5651
What are the prime factors of 1131255534?
2, 3, 31, 163, 37313
List the prime factors of 86294040.
2, 3, 5, 7, 17, 6043
List the prime factors of 2761159.
43, 157, 409
What are the prime factors of 3207188392?
2, 83, 4830103
What are the prime factors of 4230397?
4230397
What are the prime factors of 62244427?
7, 1663, 5347
What are the prime factors of 5660561419?
47, 2699, 44623
List the prime factors of 118659358.
2, 29, 2045851
List the prime factors of 858393442.
2, 23, 18660727
What are the prime factors of 120878313?
3, 17, 47, 211, 239
What are the prime factors of 1071548549?
149, 7191601
What are the prime factors of 871038759?
3, 290346253
What are the prime factors of 613402939?
23, 26669693
What are the prime factors of 14268772?
2, 7, 19, 26821
List the prime factors of 117219665.
5, 103, 227611
List the prime factors of 8968745.
5, 271, 